n factor of 56 and n.
28
Let g(j) be the second derivative of j**4/12 + 13*j**3/3 + 5*j**2 - 2*j - 45. Let i be g(-26). What is the greatest common divisor of i and 3?
1
Let b be 3018/5 - (-624)/1092*(-7)/(-10). What is the greatest common divisor of b and 5587?
151
Suppose -4*c = 3*j - 32, -2 = -0*j + 2*j - 2*c. Let z = -14516 + 14788. Calculate the highest common divisor of j and z.
4
Suppose 0 = -3*r + 2071 - 676. Suppose -2*f + 231 = l, 2*l - l = -4*f + r. Suppose -3 = a, 4*a - a = -3*p + f. Calculate the highest common divisor of p and 28.
14
Let o be (-3)/2 + (-30)/(-20). Suppose o = -5*z - 2*z - 14. Let a be (6 - -3) + 1 - z. What is the greatest common factor of a and 36?
12
Let d be 49 + 109 + (-3 - -1) + -2. What is the highest common factor of 14 and d?
14
Let k = 6835 + -6831. Suppose 0 = 4*b - 556 - 104. Suppose -k*a - 5*g = -141, 8*a - 4*a - 3*g = b. What is the greatest common divisor of 52 and a?
13
Let b(s) = -6*s - 2. Let v be b(-3). Suppose 4*c - 16*c = 7284. Let u = 609 + c. What is the greatest common divisor of v and u?
2
Let k(i) = i**2 - 35*i + 120. Let x be k(38). Suppose 223*l + 121 = x*l. What is the highest common divisor of 583 and l?
11
Let a be (-20276)/(-2) - (14 - (9 - -1)). Calculate the highest common factor of 72 and a.
18
Suppose -19*j + 80 = -39*j. Let d be j/4 - 4 - -81. Calculate the highest common factor of 247 and d.
19
Let n = -483 - -492. Calculate the highest common factor of 143 and n.
1
Let s be 19 - (45/(81/(-9)) - -5). Calculate the highest common factor of s and 4427.
19
Let f be -2 + (1 - 0) - -61. Let t be (4 - 6) + 6 + 8. Suppose 2*x = -t*x + 560. Calculate the highest common factor of x and f.
20
Suppose -12*l + 304 = 100. Let j = 674 + -402. What is the highest common factor of j and l?
17
Suppose 5*m - 2*m = 12. Suppose -s + 0*s = -5. Suppose 2*l + 0*l = -3*k + 7, 5*k = s. Calculate the highest common factor of m and l.
2
Suppose 11335 = 29*l - 3745. What is the greatest common divisor of 832 and l?
104
Suppose 3*y - n - 6 = 0, 6*y = 4*y - 3*n - 7. Let c be (5 - (1 + 3))*y - -3. Calculate the greatest common divisor of 28 and c.
4
Suppose -38*s + 58 = -18. Suppose s*v - 93*t + 97*t = 496, 1047 = 4*v - 3*t. Calculate the highest common factor of v and 6.
6
Suppose 0 = -5*f - c - 29, -f - c = -3*c - 3. Let x = -12 + 6. Let m be (5 - (x + -4)) + f. What is the greatest common divisor of m and 60?
10
Let o = -74326 - -74354. Let s = -1 - -1. Let m be (5 + s - -2)*6. What is the highest common factor of o and m?
14
Let u be (-6)/((0 - 10/105)/21). Calculate the highest common divisor of u and 1911.
147
Let d(r) = r + 35. Let f be ((-12)/36)/((-2)/(-126)). Let y be d(f). Let p be (4/2)/(y/693). Calculate the greatest common factor of p and 9.
9
Let i be (-10)/(-1) + (-24 + 7 - -20) + -4. What is the greatest common factor of 1737 and i?
9
Let w = 3 + 0. Suppose -w*o + 2 = -4. Let d(b) = b**3 - 12*b**2 + 102*b - 996. Let c be d(11). What is the highest common divisor of c and o?
1
Suppose 243 = 7*x - 94*x + 8247. What is the highest common divisor of x and 4554?
46
Let z be -248*(-20)/(-640)*-20. What is the greatest common divisor of 2325 and z?
155
Suppose 0 = -0*s - s + 52. Let x(f) = f. Let o(u) = 5*u + 38. Let r(h) = o(h) - x(h). Let a be r(23). What is the greatest common factor of a and s?
26
Let b(v) = -14*v - 452. Let a be b(-33). What is the highest common factor of 1070 and a?
10
Let u be ((-459)/(-18) + -7)*2. Let j be (-9)/(-2)*(-1 - -11). Suppose 2 - u = -h - 4*n, -4*h + 3*n + j = 0. What is the greatest common factor of h and 105?
15
Let y(t) be the first derivative of -69*t**2/2 - 6*t - 115. Let n be y(-9). Calculate the greatest common divisor of n and 15.
15
Suppose -4*t + 35 = t. Let r(b) = -78*b + 1329. Let k be r(17). Calculate the highest common divisor of k and t.
1
Suppose 4*c = -34 + 122. Let f = -25 + 38. Suppose -2*o + 9 + f = 0. Calculate the highest common factor of o and c.
11
Suppose 957365 = 566*v - 1372857. Calculate the greatest common divisor of 2327 and v.
179
Let i be -2*((-36)/16 - -2)*4. Suppose -w - i*q + 11 = 0, 5 = -5*w + 2*q + 120. What is the greatest common factor of w and 189?
21
Suppose 32*z + 2890 - 9610 = 0. Calculate the greatest common factor of z and 1920.
30
Let i = -292 + 304. Suppose -j = -2*h - 14, 2*h - 151 + 45 = -4*j. What is the greatest common factor of i and j?
12
Let s(d) = 22*d**2 + 106*d - 245. Let q be s(-35). What is the highest common factor of q and 15?
15
Let l be -1 + 307 - (-50)/25. Calculate the highest common factor of l and 572.
44
Suppose -420 = -6*c + 48. Let i = -59 + c. Suppose -i = -2*y + 101. What is the highest common divisor of y and 24?
12
Let c be (2 + 0)/(6/135). Let r(p) = 3*p**2 - 44*p + 105. Let k be r(12). Calculate the highest common factor of c and k.
9
Let q(g) = -17*g**2 - 462*g + 63. Let k be q(-25). Calculate the highest common factor of 26 and k.
26
Let z = -208 + 406. Suppose 0 = 2*u + 5*l - 93, 4*u + u = -l + z. Let h = -32 - -45. What is the highest common factor of h and u?
13
Let x(d) = 16*d**2 - 170*d + 330. Let z be x(2). Calculate the highest common divisor of z and 2349.
27
Let a = -1452 - -1570. Suppose 4*d - 1178 = k, -2*d - k + 887 = d. Calculate the highest common factor of a and d.
59
Let z = -181224 + 181282. Suppose 3*l - 721 - 236 = 0. Calculate the greatest common divisor of z and l.
29
Let p be (-2)/(0 + -2) - (-163)/1. Suppose -12*v = 25*v - 1826 - 5759. Calculate the highest common factor of p and v.
41
Let r = 281 + -203. Let j be r/182 + (-648)/(-7). What is the highest common factor of 155 and j?
31
Suppose -5*c = -850 - 775. Let d = 28609 - 28583. Calculate the highest common divisor of d and c.
13
Let h = -96 - -139. Let t be -6 + 11 + 3 + 44. Let p = t - h. Calculate the highest common divisor of p and 3.
3
Suppose 566*j + 421495 - 356151 - 1117538 = 0. What is the greatest common divisor of 169 and j?
169
Suppose -n - 2 = -2*n. Suppose 0 = 5*j + n*b - 890, 0 = -5*b + 15 + 10. Calculate the highest common factor of 44 and j.
44
Let g = -744 - -749. Let t(h) = -h**2 + 12*h - 14. Let r be t(g). What is the greatest common divisor of 3 and r?
3
Suppose 0 = 25*t - 28*t + 5376. Suppose 163*h - 155*h = t. Let g be (-4)/((-45)/(-24) - 2). What is the greatest common factor of h and g?
32
Suppose 3*l - 3311 = 4432. What is the greatest common divisor of 87 and l?
29
Let p(h) = -10*h - 11. Let i(u) = 9*u + 14. Let k(t) = 4*i(t) + 5*p(t). Let v be k(-3). What is the greatest common factor of v and 344?
43
Suppose 19*p = 46*p + 33464 - 117002. Calculate the greatest common factor of 2912 and p.
182
Let s(n) = -n**3 - 6*n**2 - 6*n + 2. Let y be s(-5). Let o(r) = 3*r**3 - 15*r**2 + 14*r - 7. Let w be o(y). Calculate the greatest common factor of 35 and w.
35
Suppose 2*q - 68 = 49*c - 54*c, -20 = -c - 2*q. Calculate the highest common factor of c and 892.
4
Let b(u) = -42*u - 2. Let j(p) = p**3 - 15*p**2 + 12*p + 27. Let v be j(14). Let o be b(v). Calculate the greatest common divisor of 32 and o.
8
Let t be 9554/10 - (1568/(-80) - -19). Let w = 38 - 27. Suppose -w*n + 34 = -t. Calculate the highest common factor of 36 and n.
18
Let j = 4 + 57. Let g = j + -79. Let d be 14 - 1 - -7*g/42. Calculate the highest common divisor of d and 20.
10
Let y be 6 + (18/6 - 4). Suppose -4*x + 4*l = -160, -y*l = 4*x - l - 200. What is the greatest common divisor of x and 15?
15
Let c = -122 - -113. Let t(x) = -x**3 - 7*x**2 + 18*x + 16. Let h be t(c). What is the highest common factor of h and 40?
8
Suppose -4*x + 29 = 3*w, 21 = 2*w - 0*w + x. Suppose 0 = -5*q + 51 - w. Let m be (-3 + 55/33)*-18. Calculate the greatest common factor of m and q.
8
Let c = -53255 + 53655. Let w = 11 - -14. Calculate the highest common factor of c and w.
25
Let y be (-172)/6 - ((-12)/(-9) + -2). Let d be 22/14 + (-12)/y. Suppose -5*v - 5 = -6*v, d*v - 27 = -n. Calculate the greatest common factor of 34 and n.
17
Let i be 12/(-8) - (-7)/(-2). Let r be 300/7*(i + 12). Let v be (2/5)/((42/r)/7). Calculate the greatest common factor of v and 8.
4
Let r(a) = 33*a - 39. Let o be r(2). Suppose 1458 = 12*q - 6*q. Calculate the greatest common divisor of o and q.
27
Let c(g) = 2*g**3 + 3*g**2 + 15*g + 175. Let d be c(0). Calc